pose -174*f + 178*f = 44. Let q(n) = 4*n**2 + 29*n - 40. List the prime factors of q(f).
7, 109
Suppose -33*k + 66*k - 3840 = 30*k. What are the prime factors of k?
2, 5
What are the prime factors of 3336/(-2502)*(-2729 + (1 - 2))?
2, 5, 7, 13
Let d be (-6)/21 + (-2)/((-42)/1245). Suppose 26*i - d = 5167. List the prime factors of i.
3, 67
Let g = 438 + -432. Suppose 4*s - s + 4*i = 98, 4*i - 72 = -2*s. Suppose 3*u + s = k, 4*u = g*k - k - 130. List the prime factors of k.
2, 13
Suppose 5*w - 457 = -4*n, -4*w + 401 = -5*n + 1003. Suppose -n + 31 = -3*z. List the prime factors of 7/(z/7 + -4).
7
Let f = 360 - 355. Suppose -1089 = -2*p - f*u, -2*p - 1092 = -4*p - 2*u. List the prime factors of p.
547
Let g be 2/12*4*-9. Let d(y) = 10*y + 16. Let t be d(g). What are the prime factors of (-3861)/t - (-3)/(-4)?
3, 29
List the prime factors of ((-39)/3 - 1/3)/((-50)/1275).
2, 5, 17
Suppose 0 = 4254*b - 4230*b - 786408. List the prime factors of b.
7, 31, 151
List the prime factors of (2556/16)/(54/13320).
3, 5, 37, 71
Let i(j) = -113*j - 25. Let g(n) = -75*n - 17. Let z(f) = 7*g(f) - 5*i(f). What are the prime factors of z(9)?
2, 3, 61
Let p be (-2)/(-1) - 0*7/21. Suppose f = -p, -6*f + 2*f + 118 = 2*q. Suppose q = 2*o - 3*z, -2*z = -0*o + 2*o - 58. What are the prime factors of o?
2, 3, 5
Let c = -637 - -335. Let m = -156 - c. Suppose m = 5*u - 3*u. List the prime factors of u.
73
Suppose 179 = 3*g + 1586. Let y = -249 - g. List the prime factors of y.
2, 5, 11
Suppose 266*a = 270*a - 16. Suppose 3*t - 3*b = -0*b + 15, 0 = 5*t - 2*b - 16. Suppose -4*y - v + 212 = t*v, 212 = a*y + v. What are the prime factors of y?
53
Suppose -18*j + 2*f + 60996 = -13*j, f - 12202 = -j. List the prime factors of j.
2, 5, 61
Suppose -3*m + 1442 = 2*v, -5*v - 227 = -5*m - 3807. Let f = v + -415. What are the prime factors of f?
3, 101
Suppose 2*i = d + 9938, 0 = -44*i + 41*i + 4*d + 14907. List the prime factors of i.
4969
Let c(u) be the third derivative of -19*u**6/40 + u**4/8 - u**3/3 + 9*u**2. Let f be c(1). Let m = f + 124. List the prime factors of m.
2, 17
Let x(d) = 83*d + 2. Let l be x(5). Let b = 697 - 90. Let v = b - l. List the prime factors of v.
2, 5, 19
Let n be (-5 - -11)/(-18)*-78. Suppose 11*m = n*m - 3870. What are the prime factors of m?
2, 3, 43
Let k = 85994 + -50384. What are the prime factors of k?
2, 3, 5, 1187
Let v = -54546 + 91994. List the prime factors of v.
2, 31, 151
Let l = 7926 - 7930. Suppose 66 = 3*p + 12. What are the prime factors of 2820/p + l/6?
2, 3, 13
What are the prime factors of 47214/1 - (-433 - -439)?
2, 3, 7, 281
Let s(i) = -9*i**3 - i**2 + 39. Let m be s(3). Let h = -352 - -229. Let u = h - m. What are the prime factors of u?
2, 3, 5
Suppose -3*k + 5*k = -2*k. Suppose 0 = 9*n + 27 - k. Let m(b) = -31*b - 4. What are the prime factors of m(n)?
89
Let n(s) = 16*s - 19. Let a = -41 + 45. Let i(c) = -111*c + 132. Let l(q) = a*i(q) + 27*n(q). What are the prime factors of l(-5)?
3, 5
Suppose -12*p + 29*p = -10*p + 389745. What are the prime factors of p?
5, 2887
Let t = 17966 + -6791. What are the prime factors of t?
3, 5, 149
Let h(r) = -2*r**3 + 75*r**2 - 34*r - 101. Let b be h(37). Let s = -2 - -2. Suppose 2*i = -b, s*i = -3*g - i + 484. List the prime factors of g.
163
Suppose -13*s + 395786 = s + 26704. What are the prime factors of s?
41, 643
Suppose 3*x - 4 = x. Let y be (-5270)/(-12) - 3 - x/12. Suppose 6*s - y = 2*s - 2*l, -2*l + 543 = 5*s. List the prime factors of s.
107
Let y = -470 - -1271. Let n = -462 + y. List the prime factors of n.
3, 113
Let p = -19230 - -33808. What are the prime factors of p?
2, 37, 197
Let q(l) = 326*l**2 - 83*l + 379. List the prime factors of q(8).
13, 1583
Suppose 8*s + 25*s + 12*s = 348975. List the prime factors of s.
3, 5, 11, 47
Let y(m) = 54*m - 160. Let k be y(9). Suppose -5*d + k = z - 282, -2414 = -4*z - 2*d. List the prime factors of z.
3, 67
Suppose 19307 + 23563 = 5*k + 5*c, -3*k = 5*c - 25726. List the prime factors of k.
2, 2143
Let v(o) = -5*o**3 + 68*o**2 - 17*o + 5. Let p(i) = 3*i**3 - 45*i**2 + 12*i - 3. Let j(r) = -8*p(r) - 5*v(r). List the prime factors of j(-18).
5, 13
Suppose 0 = 7*q + 5*q - 24396. Suppose 0 = 10*n - q - 337. What are the prime factors of n?
3, 79
Let h = 55 - 49. Suppose h*p - 18 = -0*p. Suppose -p*x + 120 + 294 = 0. What are the prime factors of x?
2, 3, 23
Suppose 2*m - 18 = -4*k, -4*k - 15*m + 20*m - 17 = 0. What are the prime factors of 1/((-7)/k) - (-113928)/84?
2, 3, 113
Let x = -3 - -147. Let o = 218 - x. What are the prime factors of o?
2, 37
Let i(h) = -18*h**2 - 8*h. Let a(n) = -n. Suppose 3*g = -l + 4*g - 2, 2*g + 2 = -4*l. Let o(j) = l*i(j) + 10*a(j). List the prime factors of o(2).
2, 17
Let g = 31632 - 17641. What are the prime factors of g?
17, 823
What are the prime factors of (-6 - (-1012)/12)/(2/78)?
5, 13, 47
Let g be 6 + -8 - (-2 - -24). Let j(h) = -h**3 - 7*h**2 + 11*h - 14. Let z be j(-9). Let w = z + g. What are the prime factors of w?
5
Let l(h) = 34*h - 7*h - h**2 + 61 - 100. Suppose 12*u = 27*u - 315. List the prime factors of l(u).
3, 29
Let a be 43/9 + -3 - (-4)/18. Let c be ((-29)/(-1))/(2/a). Suppose 2*b - 17 - c = 0. What are the prime factors of b?
23
Suppose 0 = 37*a - 50705 - 35616. Let q = a - 1255. List the prime factors of q.
2, 7, 11
Let s = 141 - 121. Suppose r + s = 23. Suppose 2*z + 1026 = 5*v + 5*z, r*v - 630 = 3*z. List the prime factors of v.
3, 23
Suppose -907 = 4*k - 3631. Let s = k + -382. What are the prime factors of s?
13, 23
Let n(z) = z - 18. Let s be n(10). Let v be (7/4)/(-4 + (-30)/s). What are the prime factors of (17/3)/(v/21)*-5?
5, 17
Let w be (-130)/(-39) - (7/3 - 2). List the prime factors of ((-402)/6)/((-1)/w).
3, 67
Let n(w) = w**3 - 8*w**2 + 5*w - 7. Let j be n(9). Suppose g = 277 + j. Suppose -10*u + 4*u = -g. List the prime factors of u.
2, 3, 11
What are the prime factors of -5 - -1 - (617877/(-45) + 3/5)?
2, 6863
List the prime factors of (-194)/(-1455) - ((-3770031)/180 - (-2)/(-8)).
5, 59, 71
Suppose 0 = 8*l + 4 - 28. Suppose -4*w + 0*w + 4*n = -216, 5*w - 276 = l*n. List the prime factors of w.
3, 19
Suppose 16*h = 18*h - 6. Suppose 3*a - 1881 = -4*r, 1437 = -5*r + 8*r - h*a. What are the prime factors of r?
2, 3, 79
Let q be 0 - -4 - (-1 + 1 + -12). Let c be q/10 - 6/(-15). Suppose 4*l = 3*v + 393, -c*l - l = 2*v - 282. What are the prime factors of l?
2, 3
Suppose -17*c + 28868 = 4779. Suppose -g - 5*b + 286 = 0, 4*g + 5*b + 213 - c = 0. What are the prime factors of g?
2, 3, 17
Suppose 0 = 5*n - 9444 + 2709. Suppose -n = -13*y + 356. What are the prime factors of y?
131
Let c(p) = 292*p**2 + 10*p - 11. Suppose -7*y + 3*y - 4*d = -12, 0 = -2*y + 4*d - 6. What are the prime factors of c(y)?
3, 97
Let h = 18754 - 5216. Suppose -h = -31*t + 17*t. What are the prime factors of t?
967
Let u = 240 + -91. Let t = -134 + u. List the prime factors of t.
3, 5
Suppose 4*n + 60 = 6*n - 2*z, 5*z - 50 = -3*n. Suppose n*o - 13545 = -1970. List the prime factors of o.
463
Suppose 0 = -7*l + 2438 - 856. Suppose w = l - 223. Suppose t - 197 = -3*i - 3*t, -w*i + 195 = 3*t. What are the prime factors of i?
3, 7
Suppose x + x + x = 0. Suppose 2*l + 2228 = 4*b, l - 4 = -l. List the prime factors of x + (b/10 - (-11)/55).
2, 7
Suppose 0 = 8*k - 28145 - 6999. Suppose k = 8*g - 551. What are the prime factors of g?
2, 3, 103
Let g = 292 - -116. Let t = -17 + g. List the prime factors of t.
17, 23
Let z(o) = 3*o + 13 - 4 - 7 + 2*o**2. Let f(a) = -a + 4. Let m be f(10). What are the prime factors of z(m)?
2, 7
Let j(s) = s**3 + 5*s**2 + s. Let l be j(-3). Let i = l + -12. Suppose t - 188 = -3*t + i*u, t + u - 47 = 0. What are the prime factors of t?
47
List the prime factors of (-3)/(-36)*(-90)/(-20) + (-128185)/(-40).
5, 641
Suppose 0 = 3*p + 15, -4*p + p = 5*g. Suppose c - 717 = g*u, c = -5*u + 355 + 362. List the prime factors of c.
3, 239
Let d be (-1*(16 + -4))/(-2). List the prime factors of (-62)/d*(2 - 19 - 1).
2, 3, 31
Let b be (-3 - -7)*1 - -30. Let x = b + -30. Suppose -4*r = 3*n - 144, 3*n = -r + x*n + 29. List the prime factors of r.
3, 11
Let k(j) = 30*j + 33. Suppose 2*o - 98 = -4*w - 38, -2*o = 2*w - 70. Let d = 44 - o. List the prime factors of k(d).
3, 17
Let o(t) = 20*t + 4.